mmon divisor of l and 57?
57
Let d be (16/(-9) - -2) + -99*315/(-729). Calculate the highest common factor of 5891 and d.
43
Suppose 409*l - 4536 = 247*l. What is the highest common factor of 14196 and l?
28
Let s(w) = -w**3 - 39*w**2 + 82*w + 7. Let r be s(-41). What is the highest common divisor of r and 3367?
7
Suppose 3*s = -2*s + 45. Suppose z = 0, -4*z = -3*o - s*z + 45. Let k be ((-9)/((-54)/(-8)))/(4/(-18)). Calculate the greatest common factor of k and o.
3
Let a be (-2 + (-152)/(-40))/(9/(-30)). Let q be (14 - 17 - 10*-49) + a. What is the highest common divisor of 37 and q?
37
Let a(o) = o**2 - 7*o - 9. Let y be a(8). Let b be y/(-5) + (-152)/(-40). What is the greatest common divisor of 10 and b?
2
Suppose -p = -2*c - 0 - 2326, 0 = p + 2*c - 2298. Calculate the highest common divisor of 272 and p.
136
Let b(w) = w**3 + 30*w**2 + 4*w + 132. Let y be b(-30). Suppose y*s + 403 = 1087. What is the highest common divisor of 19 and s?
19
Suppose 2*y + 34*m = 41*m + 13158, 6585 = y - 2*m. Calculate the highest common factor of 19 and y.
19
Suppose 5*d + 5*r - 53715 = 0, -7*r = -4*d - 3*r + 42980. Suppose -29*b + d = 5*b. Calculate the highest common divisor of b and 79.
79
Let p be (1 + 0)*(8 - 2). Suppose 0 = -10800*k + 11028*k - 22344. Calculate the highest common factor of p and k.
2
Let q(y) = 34*y + 6. Suppose 0 = 4*m - 9*m + 45. Let h be q(m). Calculate the highest common factor of h and 13.
13
Let p(w) = 288*w + 4596. Let n be p(-10). What is the highest common factor of n and 60?
12
Let a be (-1056)/18 + 4/9*-3. Let p = 90 + a. Calculate the highest common divisor of p and 18.
6
Let t(n) = 2*n**2 + 12*n + 8. Let y be t(-6). Let h be 63/6*(y - 6). What is the highest common divisor of 273 and h?
21
Let g = 98 + -44. Let u = g - 35. Suppose 0*o + 175 = 3*q + 4*o, 2*o - 59 = -q. Calculate the highest common divisor of u and q.
19
Let o(n) = 2*n**2 - 88*n + 278. Let l be o(42). What is the greatest common divisor of l and 3278?
22
Let i(t) = -26*t - 10. Let n(l) = -26*l - 9. Let z(c) = 3*i(c) - 2*n(c). Let w be z(-1). Calculate the highest common factor of w and 448.
14
Let h = 19672 + -19666. Calculate the greatest common factor of 2658 and h.
6
Suppose 3*d = 3039 + 63. Let o(f) = -7*f**3 - 43*f**2 - 11*f - 8. Let l be o(-6). Calculate the highest common factor of d and l.
22
Let y be (-6)/15 - 154/(-10). Suppose 5*v = 5*q - 75, -43 = -4*q + 2*v + 11. Calculate the greatest common divisor of y and q.
3
Suppose v - b = -1, 0 = -v + 5*b + 2 - 15. Suppose -v*m = 5*l - 331, -4*l - m = -168 - 98. Let f = l + -34. What is the highest common divisor of f and 33?
33
Suppose -6202 + 59309 + 22881 = 628*n. Let x = -54 + 76. What is the greatest common factor of x and n?
11
Let m(l) = -196*l + 7. Let j be m(-3). Suppose 534 = 16*d - 826. What is the highest common factor of d and j?
85
Let y(m) = 3*m**2 - 5*m + 2. Let j be y(4). Suppose 1014 = -30*t + 32*t. Suppose t + 1803 = 7*h. Calculate the greatest common factor of j and h.
30
Suppose -3*a + 5*n + 53 = 0, -8*a = -3*a + 3*n - 111. Let g(j) = -24*j + 294. Let w be g(12). What is the highest common divisor of w and a?
3
Let d(v) = -11*v - 8. Let t be d(-6). Let i(u) = 81*u - 40. Let p be i(3). Calculate the greatest common divisor of t and p.
29
Let o = -9 + 25. Let b = -830 + 838. Calculate the greatest common divisor of o and b.
8
Suppose 13*i + 224*i + 17*i - 54864 = 0. Calculate the greatest common factor of 1134 and i.
54
Let h be 4 - (-71)/(923/2574). What is the greatest common factor of h and 6565?
101
Let s(z) = -z**2 + 6*z + 16. Let g be s(8). Suppose -5*d + 40 = -g*p + 5*p, d - 4*p = -7. Calculate the highest common divisor of d and 205.
5
Suppose -21*x = -16*x - 5*n - 1570, -2*x = n - 622. Let l be 48/9*x/32. Calculate the highest common factor of 156 and l.
52
Suppose -37 = -24*d + 35. Suppose -381 + 423 = d*a. Let q be (-2)/(-9) + 1256/18. What is the highest common factor of a and q?
14
Suppose -19*d - d = -20. Let i be (d - 5) + 3 + 16. Calculate the highest common divisor of 450 and i.
15
Suppose 3*w + 1 + 8 = 0. Suppose -4*g = -3*b - 30, 3*g - 13*b + 11*b = 22. Let n = w + g. What is the highest common divisor of n and 12?
3
Suppose a = 2*a. Suppose -5*d + 33 + 6 = 4*l, a = l - 2*d. Let r = 298 + -238. Calculate the greatest common factor of l and r.
6
Let m(x) = -x + 11. Suppose 3*t - 18 = 45. Suppose -5*h = -2*h + t. Let f be m(h). What is the highest common factor of 45 and f?
9
Suppose 5*p + 162*s - 158*s = 977, 2*p - 3*s = 354. Let l = -148 - -283. What is the greatest common factor of l and p?
27
Suppose 5*u + 20 = -b + 189, b - 37 = -u. Let t be 2/(-3) + 3190/u. What is the highest common factor of t and 72?
24
Let u be (432/40)/((-2)/(-10)). Let h be 12*(-24)/u*-15. Calculate the greatest common factor of 8 and h.
8
Suppose 0 = -4*x + 2*x, -4*x = -5*u + 10. Suppose -5 = u*k - 11. What is the highest common divisor of k and 5?
1
Let z be 19/114 - 61/6. Let s = -1 - z. What is the highest common factor of s and 369?
9
Let t(y) = -8*y**2 - 74*y + 2. Let j be t(-9). What is the greatest common factor of j and 270?
10
Let a = 13 - -13. Suppose -18 = -19*l + 39. Suppose 4*c - 3*c = -i + 12, -l*i + a = -2*c. Calculate the highest common divisor of 5 and i.
5
Suppose 5*j = -o + 154, 119 + 5 = 4*j + o. Let w be 225/j*(1 - -19). Calculate the greatest common factor of w and 400.
50
Suppose 38*z - 13*z = 125. Let a = 16 - 2. Suppose 0 = 2*d + 2*d + 4, -2*x = -4*d - a. What is the greatest common factor of x and z?
5
Let g be (6/(-4) - -1)/(1/42). Let k = -13 - g. Let i(u) = -5*u + 52. Let n be i(4). What is the highest common factor of n and k?
8
Suppose 0 = -2*p + 3*w + 451, 9*p - 7*p + 3*w = 445. Suppose 8 - 298 = -4*b + a, 0 = -3*b + 4*a + p. Calculate the greatest common factor of 9 and b.
9
Let u be (((-30)/12 - 2) + 5)*188. Suppose 3*h = 4*w + 78, 0 = -3*h - 3*w + u + 5. What is the greatest common divisor of h and 270?
30
Let k(y) = 12*y**3 + 147*y**2 + 20*y - 17. Let h be k(-12). What is the highest common divisor of 8225 and h?
175
Let d be 9 + -7 + -1 + 569. Let o = d + -534. Calculate the greatest common divisor of 16 and o.
4
Suppose 3*h + 1126 = z + h, -z + 1123 = -3*h. Let a = z + -3262. Let g be a/(-25) + 1/(-5). Calculate the highest common divisor of 34 and g.
17
Let o be (13/78)/((-737)/(-726) - 1). What is the highest common divisor of o and 26389?
11
Let v(d) = -2*d**3 - 8*d**2 - 15*d + 5. Let f be v(-4). Let g be 5/50*16*f. What is the highest common factor of g and 13?
13
Let t be 4/(-66) + 265838/2013. What is the greatest common divisor of t and 324?
12
Suppose 1124 - 6634 - 2666 = -146*q. What is the greatest common factor of q and 5740?
28
Suppose 39*w = 38*w + 40. Let k = 17 - 7. Let p = k - 6. Calculate the greatest common factor of w and p.
4
Let o(p) = -12*p**3 - 4*p + 3. Let m be o(2). Let j = 245 + m. Suppose 863 = 16*t + 287. Calculate the greatest common factor of t and j.
36
Let j = 5 - -40. Let b be ((-459)/(-119)*(-133)/(-76))/((-3)/(-140)). What is the highest common divisor of b and j?
45
Suppose -4*f - 5*t - 54 = 0, -2*f - f - 25 = -4*t. Let s(q) = q**2 + 7*q + 12. Let d be s(-8). Let n = f + d. What is the greatest common factor of 144 and n?
9
Let k be 556 + -12 + (5/3)/((-9)/27). Calculate the highest common factor of 63 and k.
7
Let b(r) = 6*r**3 + 8*r**2 - 16*r + 6. Let m be b(3). Calculate the highest common divisor of m and 108.
12
Suppose -79*w = 61*w - 67*w - 84096. Calculate the highest common factor of w and 54.
18
Let v = 279 + -174. Suppose -2*r + v + 11 = -2*q, q = -r + 68. What is the highest common factor of r and 168?
21
Let o be (-83 - 9/(-3))*(7 + -3)/(-2). Calculate the greatest common divisor of o and 288.
32
Let k = 487 - 473. Suppose k*g - 60 + 18 = 0. Calculate the greatest common factor of g and 48.
3
Let h(l) be the second derivative of -l**4/12 - 23*l**3/6 + 16*l**2 - 26*l. Let q be h(-22). Calculate the highest common divisor of q and 189.
27
Let x be -2*195/90*-219. What is the highest common divisor of x and 13?
13
Let f be (28/((-112)/8))/(3/(-105)). Calculate the highest common divisor of f and 40.
10
Let p(n) = -303*n - 900. Let s be p(-3). Calculate the highest common factor of 147 and s.
3
Suppose s